tive of n(q). What is d(15)?
-2
Let w(r) = -r**3 + 2*r**2. Let i be w(2). Suppose -2*o + 7 + 5 = 0. Let k(d) = -o*d + d + 2*d - 14 + 2*d. Determine k(i).
-14
Let k(y) = 2 + y**3 + 6*y - 5 - 2*y**2 - 2*y**2. Let i be k(3). Let d(f) = f**2 - 8*f - 2. Calculate d(i).
-14
Let h(p) = 8*p + 3*p + 2*p**2 - 5*p**2 + 35*p - 3 - 9. What is h(15)?
3
Let u(z) be the third derivative of -1/120*z**6 - 2/15*z**5 + 0*z - 1/4*z**4 - 3*z**2 + 7/6*z**3 + 0. Let x be u(-7). Let m(n) = -n**2 - n. Calculate m(x).
0
Let a(s) be the first derivative of -2*s**3/3 + s**2/2 + 113. What is a(1)?
-1
Let f(x) = 2*x + 1. Suppose r - 20 = -5*g, -2*r + 1 = -7*g + 4*g. What is f(g)?
7
Let k(r) = -2*r**2 + 7*r + 10*r - 1 + r**2 - 18*r. Let i be 6/9*(-5 - -2). What is k(i)?
-3
Suppose 3*d + 86 = -2*h, 0 = -3*h - 3*d + d - 124. Let y be (21/14)/((-2)/h). Let t(i) = -29*i + 3 + 3*i**2 + i**3 - 2 + y*i. Determine t(-3).
-2
Let q(x) = x - 7. Let k be q(9). Let t(r) = -11 + 5 + 8 + k + 7*r - r**2. Calculate t(8).
-4
Let c(p) = -3 - 6*p**2 - 3*p + 5*p**2 + p + 0*p. Suppose n + 1 = d, -2*n = 8*d - 5*d - 13. Give c(d).
-18
Let f(s) = -13*s**2 + 7*s - 2. Let h(u) = -8*u**2 + 5*u - 2. Let p(d) = 5*f(d) - 8*h(d). Calculate p(-7).
-8
Let t be 2/(-6) - 3/(-9)*22. Let k(l) = l**3 - 9*l**2 + 14*l - 2. Give k(t).
-2
Let d = -4 - -2. Let l be (-590)/(-30) - d/6. Suppose h + l = -0*y + 5*y, 5*y = 4*h + 5. Let a(o) = o - 1. Calculate a(y).
4
Let g(q) = 16*q**2 + 21*q + 15. Let u(j) = -3*j**2 - 4*j - 3. Let s(f) = 2*g(f) + 11*u(f). Let k be 7 + -3 + -27 + 1. Let z = k - -20. Give s(z).
-3
Let f(u) = -2*u + 1. Suppose n = -2*n - 12. Let o be (-24)/(-18)*(-18)/n. Let x(p) = -2*p + 9. Let t be x(o). What is f(t)?
7
Suppose h + 0*h - 12 = 2*w, -5*h + 32 = -3*w. Let z(l) be the third derivative of -5*l**4/24 - l**3/3 - 138*l**2. What is z(w)?
18
Suppose -3*z - z = 0. Let x(l) be the third derivative of z*l**4 + 0 - 1/6*l**3 - l**2 + 0*l**5 + 0*l - 7/60*l**6. What is x(-1)?
13
Let d(z) = -z + 5 - 2 - 2 + 5 - 20. What is d(-9)?
-5
Suppose 5*o = -2*k + 4*k - 44, -3*k = 9. Let t(c) be the third derivative of c**5/60 + 11*c**4/24 + 2*c**3/3 + 41*c**2 - 5*c. Give t(o).
-6
Suppose -3*m - 2*x = -0*x - 8, -m = -5*x - 14. Suppose 4*v = -2*j - 22, 3*j + v + m + 9 = 0. Let b be 5*-2*j/(-6). Let o(y) = -y - 12. What is o(b)?
-7
Let z(g) be the third derivative of -g**6/120 - 3*g**5/20 - g**4/4 + g**3 - 119*g**2. Calculate z(-7).
-50
Let g = -200 + 202. Let b(h) = -h**3 - h**2 + 2*h. What is b(g)?
-8
Let w(m) = m**2 - 8*m - 13. Suppose 13*a = 6*a + 63. Determine w(a).
-4
Let k(y) = y**3 + 5*y**2 - y - 2. Let h be -11*-2*(-1)/(-2). Let m(c) = -c**2 + 11*c - 5. Let f be m(h). Give k(f).
3
Let z(l) = -4 - 3*l**2 - 2*l**3 + 0*l**3 - 2*l + 1. Let t(b) = b**2 - 8*b - 25. Let j be t(9). Let r be (12 - 6)*(j/(-6) - 3). Give z(r).
5
Let t(n) = -n**3 + 8*n**2 - 33*n + 124. Let q be t(6). Let l(i) = 0*i + 2*i - 3 + 2 - 6*i. Give l(q).
7
Suppose -1 - 7 = -i - v, 0 = 3*v - 15. Let p(b) be the second derivative of b**3/6 - b**2 + b. Determine p(i).
1
Suppose 49 - 21 = 4*o. Let n(a) = -a + o - a**2 - 11 - a. Let p be -3 - (3 - 1)/2. Give n(p).
-12
Let s(o) = -2*o - 7. Let z be s(-8). Let x(p) = 2*p - 16. Let q be x(z). Let a(f) = -6 - 3*f**2 - 19*f + 12*f + 4*f**q. Give a(6).
-12
Let i(a) = a. Let b(f) = -4*f + 30. Let p be b(6). Calculate i(p).
6
Let i = -32 - -30. Let a be (6 - 13)/(2/i). Let b(y) = 6 + 9*y - a*y + 2*y. What is b(-4)?
-10
Let j(c) be the third derivative of -c**5/30 - c**4/8 - c**3/2 + 14*c**2 - 14. Determine j(-2).
-5
Let i(n) = -n**3 - 5*n**2 + 7*n + 3. Let x(w) = -1. Let y(r) = -i(r) + 4*x(r). Calculate y(-5).
28
Suppose 19 = f - 3*s, 3*f + 2*s = 8 + 5. Let r(d) = -d + 7 - f + 1 + 1. Calculate r(4).
-2
Let k(w) = w - 1. Suppose 8*y + 25 = 3*y, -3*l - 2*y + 92 = 0. Let f = -27 + l. Let p be 1*f/((-21)/(-9)). Determine k(p).
2
Let q(f) = f**3 + 3*f**2 - 4*f + 2. Let j be q(-4). Let g(w) = j*w**2 - w**2 + 7*w + 10 - 6. Let x = 17 - 24. Determine g(x).
4
Let h = 638 - 15305/24. Let n(v) be the third derivative of -h*v**4 + 1/60*v**5 + 0*v + v**2 + 0 + 2/3*v**3. Calculate n(3).
-8
Let q(v) = v**3 - 6*v**2 + 3*v - 4. Suppose 0 = k - 6*k + 5*g + 20, -4*g = 4. Suppose k = -x + 8. Determine q(x).
-14
Let o(v) = 3*v**3 - 3*v**2 - 3*v - 1. Let n = -198 - -196. Determine o(n).
-31
Let y(v) = 2*v - 2. Let s(c) = -9*c - 3. Let k(a) = s(a) + 4*y(a). Determine k(-12).
1
Let o(k) = k**3 - 6*k**2 + 7*k - 9. Suppose -b - 2*t - 5 = 0, b + 2*t = t. Let c be o(b). Let v(m) = 8*m**2 - m. Give v(c).
7
Let j(n) be the third derivative of -n**4/24 - n**2. Let u be 73 + (2/(-3))/((-10)/45). Let x = u - 80. Give j(x).
4
Let u(x) = x - 15*x + 2*x. Let z be ((-2)/8)/(7/140*-5). Give u(z).
-12
Let u = 1516 + -1528. Let x(t) = -t**2 - 13*t + 10. What is x(u)?
22
Suppose -9*z + 405 = -4*z. Suppose z = 4*i - 47. Let y(q) = 6 + 6*q + 33*q**2 + 1 - i*q**2. What is y(-6)?
7
Let j = -160 + 157. Let w(z) = z**3 + 4*z**2 + 2*z + 1. Calculate w(j).
4
Suppose 0*l + 3*l + 1 = 2*f, l - 4*f - 3 = 0. Let u be (l/(-2))/(4/16). Let d(q) = q + u*q - 4*q. What is d(1)?
-1
Let t(b) = b - 1 - 5*b**2 + 3*b**2 - b**3 + 0*b**2. Suppose -38*l + 34 = -55*l. Give t(l).
-3
Let k(g) be the third derivative of g**4/12 + g**3/6 - g**2. Let l(v) = -v**2 - 11*v - 11. Let t be l(-10). What is k(t)?
-1
Let j(l) be the first derivative of l**6/120 - l**5/20 - 5*l**4/24 + 2*l**3/3 + 3*l**2/2 - l + 57. Let x(w) be the second derivative of j(w). Determine x(5).
29
Let z(p) = p**3 - 7*p**2 + 8*p - 6. Suppose -60 = -191*b + 181*b. Determine z(b).
6
Suppose t + 10*t + 55 = 0. Let n(m) = -4*m + m**2 - 3*m**3 + 6 + 4*m**3 + 3*m**2. Give n(t).
1
Suppose -36*b - 240 = 12*b. Let z(t) = t**3 + 16*t**2 + 53*t - 2. Determine z(b).
8
Let z(g) be the third derivative of g**5/60 + g**4/6 - g**3/3 + 23*g**2 - 3*g. Determine z(-5).
3
Let p(h) = -18*h**2 + 2*h + 3. Let n be p(-1). Let o = n - -11. Let x(w) = -2*w - 7. Determine x(o).
5
Let p(f) = 6 - 10*f + 796*f**3 - 6*f**2 - 795*f**3 + 4. What is p(7)?
-11
Let r(o) be the first derivative of -o**6/120 + o**4/12 + o**3/3 + 13*o**2/2 + 3. Let a(p) be the second derivative of r(p). Calculate a(-2).
6
Suppose -4*a + 2*f + 14 = 0, 0*a + 5*a + 2*f - 22 = 0. Suppose 2*g + g = 6. Let l(u) = -g + 0*u + 4*u - 5*u. Give l(a).
-6
Let c(s) = s**2 - 3*s. Let z be c(6). Let k(x) = -z + 0*x + x + 11. Determine k(8).
1
Let x(v) = v**3 - 9*v**2 - 11*v + 6. Let k(t) = t**3 + 10*t**2 + 10. Let d be k(-10). What is x(d)?
-4
Let f(r) = r**3 + 5*r**2 + 3*r. Let o = 5 + -2. Suppose v + 4*c - 18 = 2, 32 = o*v + 5*c. Suppose -4*l - 2*j = 16, 8 + v = -3*l + 2*j. Determine f(l).
4
Let d(t) = 6*t**3 + 5*t**2 - 10*t + 2. Let i(z) = -z**3 + z - 1. Let v be 24/(-18)*(-6)/2. Suppose 9*u = v*u - 5. Let j(m) = u*d(m) - 5*i(m). What is j(-6)?
9
Let l = 810 + -809. Let n(w) = 9*w + 1. Give n(l).
10
Let g(x) = -1 - 10*x + 3 + 9*x - 3. Suppose -2*c - 46 = 2*t, 2*c - 29 = 3*c - 2*t. Let n = c + 29. Determine g(n).
-5
Suppose -5*s + 0*s = 15. Let f(d) be the second derivative of 3/2*d**2 + 0 - 1/6*d**3 + 13*d. Give f(s).
6
Suppose 0 = -x + 2. Suppose -2*r = -2*y - r + 12, -3*y = -x*r - 19. Let m(n) = n**3 - 4*n**2 - 2*n - 3. Determine m(y).
12
Suppose w + 32 - 37 = 0. Let f(n) = n**3 - 2*n**2 + 3*n - 4. Let z(a) = -6*a + 3*a**2 - 2*a**3 + 5 + 3 + 0*a**3. Let c(o) = w*f(o) + 2*z(o). What is c(4)?
8
Let n be ((-7)/2)/(4/8). Let x(f) be the second derivative of f**3/3 + 7*f**2/2 + 1246*f. Calculate x(n).
-7
Let t(g) = 4*g**3 + 75*g**2 - 18*g + 17. Let s be t(-19). Let h(a) = a**2 + a + 5. Calculate h(s).
7
Let h(s) = 5 + 20*s + 15 - 11*s - 11. What is h(-2)?
-9
Let w(s) = -2*s**2 + 5*s - 4. Let o be (-20)/(-11) + (-2)/(-11). Let j = 8 + 1. Suppose -l = o*f - j, 6*f - 3*f - l = 6. Give w(f).
-7
Let d(n) = 5 - n**2 + 1 - 2 - 3*n. Let x(w) be the first derivative of w**3/3 - 3*w**2 + w - 20. Let u be x(5). What is d(u)?
0
Let o = -25 + 25. Suppose 0 = f + 3*h, -4 = -f - 5*h - o. Let t = -10 - f. Let g(n) = -n**2 - n - 5. Determine g(t).
-17
Let v(a) = a**3 + a**2 - 18. Let u = -811 + 811. Give v(u).
-18
Let h(j) = -17*j + 1. Let g be h(-2). Suppose -s = 4*s - g. Let i(y) = 0*y + 0 + y - 9. Determine i(s).
-2
Let u(j) = -j. Let f be (-3 - -4)/((-1)/(-9)). Let a be (-2)/f*-3*3. Suppose 